{"id":4957,"date":"2024-11-10T16:54:46","date_gmt":"2024-11-10T15:54:46","guid":{"rendered":"https:\/\/tetou-ne.com\/?page_id=4957"},"modified":"2025-02-17T08:50:39","modified_gmt":"2025-02-17T07:50:39","slug":"boucles-doreilles-au-lait-maternel-rose-gold","status":"publish","type":"page","link":"https:\/\/tetou-ne.com\/index.php\/boucles-doreilles-au-lait-maternel-rose-gold\/","title":{"rendered":"Les boucles d&rsquo;oreilles lact\u00e9es rose gold"},"content":{"rendered":"\n<p>Certains mod\u00e8les de boucles d&rsquo;oreilles au lait maternel sont d\u00e9clinables en argent\u00e9s et\/ou dor\u00e9s et\/ou rose gold.<\/p>\n\n\n\n<p>Les photos sont des exemple de personnalisables et sont r\u00e9alisables sans lait maternel.<\/p>\n\n\n<div data-block-name=\"woocommerce\/product-category\" data-categories=\"[117]\" data-columns=\"4\" class=\"wc-block-grid wp-block-product-category wp-block-woocommerce-product-category wc-block-product-category has-4-columns has-multiple-rows\"><ul class=\"wc-block-grid__products\"><li class=\"wc-block-grid__product\">\n\t\t\t\t<a href=\"https:\/\/tetou-ne.com\/index.php\/product\/lily-bijou-au-lait-maternel\/\" class=\"wc-block-grid__product-link\">\n\t\t\t\t\t\n\t\t\t\t\t<div class=\"wc-block-grid__product-image\"><img decoding=\"async\" width=\"324\" height=\"324\" src=\"https:\/\/i0.wp.com\/tetou-ne.com\/wp-content\/uploads\/2023\/08\/ChatGPT-Image-17-mars-2026-10_29_42.png?resize=324%2C324&amp;ssl=1\" class=\"attachment-woocommerce_thumbnail size-woocommerce_thumbnail\" alt=\"Lily - Bijoux au lait maternel\" srcset=\"https:\/\/i0.wp.com\/tetou-ne.com\/wp-content\/uploads\/2023\/08\/ChatGPT-Image-17-mars-2026-10_29_42.png?w=1024&amp;ssl=1 1024w, https:\/\/i0.wp.com\/tetou-ne.com\/wp-content\/uploads\/2023\/08\/ChatGPT-Image-17-mars-2026-10_29_42.png?resize=300%2C300&amp;ssl=1 300w, https:\/\/i0.wp.com\/tetou-ne.com\/wp-content\/uploads\/2023\/08\/ChatGPT-Image-17-mars-2026-10_29_42.png?resize=150%2C150&amp;ssl=1 150w, https:\/\/i0.wp.com\/tetou-ne.com\/wp-content\/uploads\/2023\/08\/ChatGPT-Image-17-mars-2026-10_29_42.png?resize=768%2C768&amp;ssl=1 768w, https:\/\/i0.wp.com\/tetou-ne.com\/wp-content\/uploads\/2023\/08\/ChatGPT-Image-17-mars-2026-10_29_42.png?resize=324%2C324&amp;ssl=1 324w, https:\/\/i0.wp.com\/tetou-ne.com\/wp-content\/uploads\/2023\/08\/ChatGPT-Image-17-mars-2026-10_29_42.png?resize=416%2C416&amp;ssl=1 416w, https:\/\/i0.wp.com\/tetou-ne.com\/wp-content\/uploads\/2023\/08\/ChatGPT-Image-17-mars-2026-10_29_42.png?resize=100%2C100&amp;ssl=1 100w\" sizes=\"(max-width: 324px) 100vw, 324px\" \/><\/div>\n\t\t\t\t\t<div class=\"wc-block-grid__product-title\">Lily &#8211; Bijoux au lait maternel<\/div>\n\t\t\t\t<\/a>\n\t\t\t\t<div class=\"wc-block-grid__product-price price\"><span class=\"woocommerce-Price-amount amount\">75,90&nbsp;<span class=\"woocommerce-Price-currencySymbol\">&euro;<\/span><\/span><\/div>\n\t\t\t\t\n\t\t\t\t<div class=\"wp-block-button wc-block-grid__product-add-to-cart\"><a href=\"\/index.php\/wp-json\/wp\/v2\/pages\/4957?add-to-cart=1857\" aria-label=\"Ajouter au panier\u00a0: &ldquo;Lily - Bijoux au lait maternel&rdquo;\" data-quantity=\"1\" data-product_id=\"1857\" data-product_sku=\"BO258\" data-price=\"75.9\" rel=\"nofollow\" class=\"wp-block-button__link  add_to_cart_button ajax_add_to_cart\">Ajouter au panier<\/a><\/div>\n\t\t\t<\/li><li class=\"wc-block-grid__product\">\n\t\t\t\t<a href=\"https:\/\/tetou-ne.com\/index.php\/product\/mila-bijou-au-lait-maternel\/\" class=\"wc-block-grid__product-link\">\n\t\t\t\t\t\n\t\t\t\t\t<div class=\"wc-block-grid__product-image\"><img decoding=\"async\" width=\"324\" height=\"324\" src=\"https:\/\/i0.wp.com\/tetou-ne.com\/wp-content\/uploads\/2023\/05\/68d242d7-e5d2-4b78-971d-c0598b40f973.png?resize=324%2C324&amp;ssl=1\" class=\"attachment-woocommerce_thumbnail size-woocommerce_thumbnail\" alt=\"Mila - Bijoux au lait maternel\" srcset=\"https:\/\/i0.wp.com\/tetou-ne.com\/wp-content\/uploads\/2023\/05\/68d242d7-e5d2-4b78-971d-c0598b40f973.png?w=1024&amp;ssl=1 1024w, https:\/\/i0.wp.com\/tetou-ne.com\/wp-content\/uploads\/2023\/05\/68d242d7-e5d2-4b78-971d-c0598b40f973.png?resize=300%2C300&amp;ssl=1 300w, https:\/\/i0.wp.com\/tetou-ne.com\/wp-content\/uploads\/2023\/05\/68d242d7-e5d2-4b78-971d-c0598b40f973.png?resize=150%2C150&amp;ssl=1 150w, https:\/\/i0.wp.com\/tetou-ne.com\/wp-content\/uploads\/2023\/05\/68d242d7-e5d2-4b78-971d-c0598b40f973.png?resize=768%2C768&amp;ssl=1 768w, https:\/\/i0.wp.com\/tetou-ne.com\/wp-content\/uploads\/2023\/05\/68d242d7-e5d2-4b78-971d-c0598b40f973.png?resize=324%2C324&amp;ssl=1 324w, https:\/\/i0.wp.com\/tetou-ne.com\/wp-content\/uploads\/2023\/05\/68d242d7-e5d2-4b78-971d-c0598b40f973.png?resize=416%2C416&amp;ssl=1 416w, https:\/\/i0.wp.com\/tetou-ne.com\/wp-content\/uploads\/2023\/05\/68d242d7-e5d2-4b78-971d-c0598b40f973.png?resize=100%2C100&amp;ssl=1 100w\" sizes=\"(max-width: 324px) 100vw, 324px\" \/><\/div>\n\t\t\t\t\t<div class=\"wc-block-grid__product-title\">Mila &#8211; Bijoux au lait maternel<\/div>\n\t\t\t\t<\/a>\n\t\t\t\t<div class=\"wc-block-grid__product-price price\"><span class=\"woocommerce-Price-amount amount\">44,90&nbsp;<span class=\"woocommerce-Price-currencySymbol\">&euro;<\/span><\/span><\/div>\n\t\t\t\t\n\t\t\t\t<div class=\"wp-block-button wc-block-grid__product-add-to-cart\"><a href=\"https:\/\/tetou-ne.com\/index.php\/product\/mila-bijou-au-lait-maternel\/\" aria-label=\"Ajouter au panier\u00a0: &ldquo;Mila - Bijoux au lait maternel&rdquo;\" data-quantity=\"1\" data-product_id=\"645\" data-product_sku=\"c16\" data-price=\"44.9\" rel=\"nofollow\" class=\"wp-block-button__link  add_to_cart_button\">S\u00e9lectionner des options<\/a><\/div>\n\t\t\t<\/li><li class=\"wc-block-grid__product\">\n\t\t\t\t<a href=\"https:\/\/tetou-ne.com\/index.php\/product\/maeline-bijou-au-lait-maternel\/\" class=\"wc-block-grid__product-link\">\n\t\t\t\t\t\n\t\t\t\t\t<div class=\"wc-block-grid__product-image\"><img decoding=\"async\" width=\"324\" height=\"324\" src=\"https:\/\/i0.wp.com\/tetou-ne.com\/wp-content\/uploads\/2023\/05\/ChatGPT-Image-16-mars-2026-17_46_43.png?resize=324%2C324&amp;ssl=1\" class=\"attachment-woocommerce_thumbnail size-woocommerce_thumbnail\" alt=\"Ma\u00ebline - Bijou au lait maternel\" srcset=\"https:\/\/i0.wp.com\/tetou-ne.com\/wp-content\/uploads\/2023\/05\/ChatGPT-Image-16-mars-2026-17_46_43.png?w=1024&amp;ssl=1 1024w, https:\/\/i0.wp.com\/tetou-ne.com\/wp-content\/uploads\/2023\/05\/ChatGPT-Image-16-mars-2026-17_46_43.png?resize=300%2C300&amp;ssl=1 300w, https:\/\/i0.wp.com\/tetou-ne.com\/wp-content\/uploads\/2023\/05\/ChatGPT-Image-16-mars-2026-17_46_43.png?resize=150%2C150&amp;ssl=1 150w, https:\/\/i0.wp.com\/tetou-ne.com\/wp-content\/uploads\/2023\/05\/ChatGPT-Image-16-mars-2026-17_46_43.png?resize=768%2C768&amp;ssl=1 768w, https:\/\/i0.wp.com\/tetou-ne.com\/wp-content\/uploads\/2023\/05\/ChatGPT-Image-16-mars-2026-17_46_43.png?resize=324%2C324&amp;ssl=1 324w, https:\/\/i0.wp.com\/tetou-ne.com\/wp-content\/uploads\/2023\/05\/ChatGPT-Image-16-mars-2026-17_46_43.png?resize=416%2C416&amp;ssl=1 416w, https:\/\/i0.wp.com\/tetou-ne.com\/wp-content\/uploads\/2023\/05\/ChatGPT-Image-16-mars-2026-17_46_43.png?resize=100%2C100&amp;ssl=1 100w\" sizes=\"(max-width: 324px) 100vw, 324px\" \/><\/div>\n\t\t\t\t\t<div class=\"wc-block-grid__product-title\">Ma\u00ebline &#8211; Bijou au lait maternel<\/div>\n\t\t\t\t<\/a>\n\t\t\t\t<div class=\"wc-block-grid__product-price price\"><span class=\"woocommerce-Price-amount amount\">60,90&nbsp;<span class=\"woocommerce-Price-currencySymbol\">&euro;<\/span><\/span><\/div>\n\t\t\t\t\n\t\t\t\t<div class=\"wp-block-button wc-block-grid__product-add-to-cart\"><a href=\"https:\/\/tetou-ne.com\/index.php\/product\/maeline-bijou-au-lait-maternel\/\" aria-label=\"Ajouter au panier\u00a0: &ldquo;Ma\u00ebline - Bijou au lait maternel&rdquo;\" data-quantity=\"1\" data-product_id=\"283\" data-product_sku=\"c18\" data-price=\"60.9\" rel=\"nofollow\" class=\"wp-block-button__link  add_to_cart_button\">S\u00e9lectionner des options<\/a><\/div>\n\t\t\t<\/li><\/ul><\/div>","protected":false},"excerpt":{"rendered":"<p>Certains mod\u00e8les de boucles d&rsquo;oreilles au lait maternel sont d\u00e9clinables en argent\u00e9s et\/ou dor\u00e9s et\/ou rose gold. Les photos sont des exemple de personnalisables et sont r\u00e9alisables sans lait maternel.<\/p>\n","protected":false},"author":1,"featured_media":0,"parent":0,"menu_order":0,"comment_status":"closed","ping_status":"closed","template":"","meta":{"footnotes":""},"class_list":["post-4957","page","type-page","status-publish","hentry"],"yoast_head":"<!-- This site is optimized with the Yoast SEO Premium plugin v27.4 (Yoast SEO v27.4) - https:\/\/yoast.com\/product\/yoast-seo-premium-wordpress\/ -->\n<title>Boucles d&#039;oreilles au lait maternel rose gold<\/title>\n<meta name=\"description\" content=\"Les Boucles d&#039;oreilles au lait maternel rose gold de T\u00e9tou N\u00e9 repr\u00e9sentent le symbole de ce lien si fort qui vous unit avec votre b\u00e9b\u00e9.\" \/>\n<meta name=\"robots\" content=\"index, follow, max-snippet:-1, max-image-preview:large, max-video-preview:-1\" \/>\n<link rel=\"canonical\" href=\"https:\/\/tetou-ne.com\/index.php\/boucles-doreilles-au-lait-maternel-rose-gold\/\" \/>\n<meta property=\"og:locale\" content=\"fr_FR\" \/>\n<meta property=\"og:type\" content=\"article\" \/>\n<meta property=\"og:title\" content=\"T\u00e9tou N\u00e9 - Bijoux au lait maternel\" \/>\n<meta property=\"og:description\" content=\"T\u00e9tou N\u00e9 immortalise votre allaitement depuis 2019 en cr\u00e9ant \u00e0 la main vos bijoux au lait maternel 100 % personnalisables. Artisan d&#039;art certifi\u00e9e par la Chambre des M\u00e9tiers et de l&#039;Artisanat en 2023.\" \/>\n<meta property=\"og:url\" content=\"https:\/\/tetou-ne.com\/index.php\/boucles-doreilles-au-lait-maternel-rose-gold\/\" \/>\n<meta property=\"og:site_name\" content=\"tetou-ne.com\" \/>\n<meta property=\"article:publisher\" content=\"https:\/\/www.facebook.com\/tetounebijouxaulaitmaternel\" \/>\n<meta property=\"article:modified_time\" content=\"2025-02-17T07:50:39+00:00\" \/>\n<meta property=\"og:image\" content=\"https:\/\/tetou-ne.com\/wp-content\/uploads\/2026\/03\/9959a079-9cae-400c-935a-8055dca5d92e-1024x683.png\" \/>\n\t<meta property=\"og:image:width\" content=\"1024\" \/>\n\t<meta property=\"og:image:height\" content=\"683\" \/>\n\t<meta property=\"og:image:type\" content=\"image\/png\" \/>\n<meta name=\"twitter:card\" content=\"summary_large_image\" \/>\n<meta name=\"twitter:label1\" content=\"Dur\u00e9e de lecture estim\u00e9e\" \/>\n\t<meta name=\"twitter:data1\" content=\"1 minute\" \/>\n<script type=\"application\/ld+json\" class=\"yoast-schema-graph\">{\"@context\":\"https:\\\/\\\/schema.org\",\"@graph\":[{\"@type\":\"WebPage\",\"@id\":\"https:\\\/\\\/tetou-ne.com\\\/index.php\\\/boucles-doreilles-au-lait-maternel-rose-gold\\\/\",\"url\":\"https:\\\/\\\/tetou-ne.com\\\/index.php\\\/boucles-doreilles-au-lait-maternel-rose-gold\\\/\",\"name\":\"Boucles d'oreilles au lait maternel rose gold\",\"isPartOf\":{\"@id\":\"https:\\\/\\\/tetou-ne.com\\\/#website\"},\"datePublished\":\"2024-11-10T15:54:46+00:00\",\"dateModified\":\"2025-02-17T07:50:39+00:00\",\"description\":\"Les Boucles d'oreilles au lait maternel rose gold de T\u00e9tou N\u00e9 repr\u00e9sentent le symbole de ce lien si fort qui vous unit avec votre b\u00e9b\u00e9.\",\"breadcrumb\":{\"@id\":\"https:\\\/\\\/tetou-ne.com\\\/index.php\\\/boucles-doreilles-au-lait-maternel-rose-gold\\\/#breadcrumb\"},\"inLanguage\":\"fr-FR\",\"potentialAction\":[{\"@type\":\"ReadAction\",\"target\":[\"https:\\\/\\\/tetou-ne.com\\\/index.php\\\/boucles-doreilles-au-lait-maternel-rose-gold\\\/\"]}]},{\"@type\":\"BreadcrumbList\",\"@id\":\"https:\\\/\\\/tetou-ne.com\\\/index.php\\\/boucles-doreilles-au-lait-maternel-rose-gold\\\/#breadcrumb\",\"itemListElement\":[{\"@type\":\"ListItem\",\"position\":1,\"name\":\"Accueil\",\"item\":\"https:\\\/\\\/tetou-ne.com\\\/\"},{\"@type\":\"ListItem\",\"position\":2,\"name\":\"Les boucles d&rsquo;oreilles lact\u00e9es rose gold\"}]},{\"@type\":\"WebSite\",\"@id\":\"https:\\\/\\\/tetou-ne.com\\\/#website\",\"url\":\"https:\\\/\\\/tetou-ne.com\\\/\",\"name\":\"tetou-ne.com\",\"description\":\"Bijoux lait maternel\",\"publisher\":{\"@id\":\"https:\\\/\\\/tetou-ne.com\\\/#organization\"},\"alternateName\":\"T\u00e9tou N\u00e9\",\"potentialAction\":[{\"@type\":\"SearchAction\",\"target\":{\"@type\":\"EntryPoint\",\"urlTemplate\":\"https:\\\/\\\/tetou-ne.com\\\/?s={search_term_string}\"},\"query-input\":{\"@type\":\"PropertyValueSpecification\",\"valueRequired\":true,\"valueName\":\"search_term_string\"}}],\"inLanguage\":\"fr-FR\"},{\"@type\":\"Organization\",\"@id\":\"https:\\\/\\\/tetou-ne.com\\\/#organization\",\"name\":\"T\u00e9tou N\u00e9\",\"alternateName\":\"Bijoux au lait maternel\",\"url\":\"https:\\\/\\\/tetou-ne.com\\\/\",\"logo\":{\"@type\":\"ImageObject\",\"inLanguage\":\"fr-FR\",\"@id\":\"https:\\\/\\\/tetou-ne.com\\\/#\\\/schema\\\/logo\\\/image\\\/\",\"url\":\"https:\\\/\\\/i0.wp.com\\\/tetou-ne.com\\\/wp-content\\\/uploads\\\/2025\\\/12\\\/cropped-logo-removebg-preview-1-2.png?fit=373%2C373&ssl=1\",\"contentUrl\":\"https:\\\/\\\/i0.wp.com\\\/tetou-ne.com\\\/wp-content\\\/uploads\\\/2025\\\/12\\\/cropped-logo-removebg-preview-1-2.png?fit=373%2C373&ssl=1\",\"width\":373,\"height\":373,\"caption\":\"T\u00e9tou N\u00e9\"},\"image\":{\"@id\":\"https:\\\/\\\/tetou-ne.com\\\/#\\\/schema\\\/logo\\\/image\\\/\"},\"sameAs\":[\"https:\\\/\\\/www.facebook.com\\\/tetounebijouxaulaitmaternel\",\"https:\\\/\\\/www.instagram.com\\\/tetou_ne_crea_lait_maternel\"],\"description\":\"T\u00e9tou N\u00e9 immortalise votre allaitement depuis 2019 en cr\u00e9ant \u00e0 la main vos bijoux au lait maternel 100 % personnalisables. Artisan d'art certifi\u00e9e par la Chambre des M\u00e9tiers et de l'Artisanat en 2023. Consultations allaitement (pr\u00e9sentiel et distanciel).\",\"email\":\"tetoune.allaitement@gmail.com\",\"telephone\":\"0680560296\",\"legalName\":\"T\u00e9tou N\u00e9\",\"foundingDate\":\"2019-09-19\",\"taxID\":\"85340422600021\",\"numberOfEmployees\":{\"@type\":\"QuantitativeValue\",\"minValue\":\"1\",\"maxValue\":\"10\"},\"publishingPrinciples\":\"https:\\\/\\\/tetou-ne.com\\\/\",\"ownershipFundingInfo\":\"https:\\\/\\\/tetou-ne.com\\\/index.php\\\/conditions-generales-de-ventes\\\/\",\"actionableFeedbackPolicy\":\"https:\\\/\\\/tetou-ne.com\\\/index.php\\\/mentions-legales\\\/\"}]}<\/script>\n<!-- \/ Yoast SEO Premium plugin. -->","yoast_head_json":{"title":"Boucles d'oreilles au lait maternel rose gold","description":"Les Boucles d'oreilles au lait maternel rose gold de T\u00e9tou N\u00e9 repr\u00e9sentent le symbole de ce lien si fort qui vous unit avec votre b\u00e9b\u00e9.","robots":{"index":"index","follow":"follow","max-snippet":"max-snippet:-1","max-image-preview":"max-image-preview:large","max-video-preview":"max-video-preview:-1"},"canonical":"https:\/\/tetou-ne.com\/index.php\/boucles-doreilles-au-lait-maternel-rose-gold\/","og_locale":"fr_FR","og_type":"article","og_title":"T\u00e9tou N\u00e9 - Bijoux au lait maternel","og_description":"T\u00e9tou N\u00e9 immortalise votre allaitement depuis 2019 en cr\u00e9ant \u00e0 la main vos bijoux au lait maternel 100 % personnalisables. Artisan d'art certifi\u00e9e par la Chambre des M\u00e9tiers et de l'Artisanat en 2023.","og_url":"https:\/\/tetou-ne.com\/index.php\/boucles-doreilles-au-lait-maternel-rose-gold\/","og_site_name":"tetou-ne.com","article_publisher":"https:\/\/www.facebook.com\/tetounebijouxaulaitmaternel","article_modified_time":"2025-02-17T07:50:39+00:00","og_image":[{"width":1024,"height":683,"url":"https:\/\/tetou-ne.com\/wp-content\/uploads\/2026\/03\/9959a079-9cae-400c-935a-8055dca5d92e-1024x683.png","type":"image\/png"}],"twitter_card":"summary_large_image","twitter_misc":{"Dur\u00e9e de lecture estim\u00e9e":"1 minute"},"schema":{"@context":"https:\/\/schema.org","@graph":[{"@type":"WebPage","@id":"https:\/\/tetou-ne.com\/index.php\/boucles-doreilles-au-lait-maternel-rose-gold\/","url":"https:\/\/tetou-ne.com\/index.php\/boucles-doreilles-au-lait-maternel-rose-gold\/","name":"Boucles d'oreilles au lait maternel rose gold","isPartOf":{"@id":"https:\/\/tetou-ne.com\/#website"},"datePublished":"2024-11-10T15:54:46+00:00","dateModified":"2025-02-17T07:50:39+00:00","description":"Les Boucles d'oreilles au lait maternel rose gold de T\u00e9tou N\u00e9 repr\u00e9sentent le symbole de ce lien si fort qui vous unit avec votre b\u00e9b\u00e9.","breadcrumb":{"@id":"https:\/\/tetou-ne.com\/index.php\/boucles-doreilles-au-lait-maternel-rose-gold\/#breadcrumb"},"inLanguage":"fr-FR","potentialAction":[{"@type":"ReadAction","target":["https:\/\/tetou-ne.com\/index.php\/boucles-doreilles-au-lait-maternel-rose-gold\/"]}]},{"@type":"BreadcrumbList","@id":"https:\/\/tetou-ne.com\/index.php\/boucles-doreilles-au-lait-maternel-rose-gold\/#breadcrumb","itemListElement":[{"@type":"ListItem","position":1,"name":"Accueil","item":"https:\/\/tetou-ne.com\/"},{"@type":"ListItem","position":2,"name":"Les boucles d&rsquo;oreilles lact\u00e9es rose gold"}]},{"@type":"WebSite","@id":"https:\/\/tetou-ne.com\/#website","url":"https:\/\/tetou-ne.com\/","name":"tetou-ne.com","description":"Bijoux lait maternel","publisher":{"@id":"https:\/\/tetou-ne.com\/#organization"},"alternateName":"T\u00e9tou N\u00e9","potentialAction":[{"@type":"SearchAction","target":{"@type":"EntryPoint","urlTemplate":"https:\/\/tetou-ne.com\/?s={search_term_string}"},"query-input":{"@type":"PropertyValueSpecification","valueRequired":true,"valueName":"search_term_string"}}],"inLanguage":"fr-FR"},{"@type":"Organization","@id":"https:\/\/tetou-ne.com\/#organization","name":"T\u00e9tou N\u00e9","alternateName":"Bijoux au lait maternel","url":"https:\/\/tetou-ne.com\/","logo":{"@type":"ImageObject","inLanguage":"fr-FR","@id":"https:\/\/tetou-ne.com\/#\/schema\/logo\/image\/","url":"https:\/\/i0.wp.com\/tetou-ne.com\/wp-content\/uploads\/2025\/12\/cropped-logo-removebg-preview-1-2.png?fit=373%2C373&ssl=1","contentUrl":"https:\/\/i0.wp.com\/tetou-ne.com\/wp-content\/uploads\/2025\/12\/cropped-logo-removebg-preview-1-2.png?fit=373%2C373&ssl=1","width":373,"height":373,"caption":"T\u00e9tou N\u00e9"},"image":{"@id":"https:\/\/tetou-ne.com\/#\/schema\/logo\/image\/"},"sameAs":["https:\/\/www.facebook.com\/tetounebijouxaulaitmaternel","https:\/\/www.instagram.com\/tetou_ne_crea_lait_maternel"],"description":"T\u00e9tou N\u00e9 immortalise votre allaitement depuis 2019 en cr\u00e9ant \u00e0 la main vos bijoux au lait maternel 100 % personnalisables. Artisan d'art certifi\u00e9e par la Chambre des M\u00e9tiers et de l'Artisanat en 2023. Consultations allaitement (pr\u00e9sentiel et distanciel).","email":"tetoune.allaitement@gmail.com","telephone":"0680560296","legalName":"T\u00e9tou N\u00e9","foundingDate":"2019-09-19","taxID":"85340422600021","numberOfEmployees":{"@type":"QuantitativeValue","minValue":"1","maxValue":"10"},"publishingPrinciples":"https:\/\/tetou-ne.com\/","ownershipFundingInfo":"https:\/\/tetou-ne.com\/index.php\/conditions-generales-de-ventes\/","actionableFeedbackPolicy":"https:\/\/tetou-ne.com\/index.php\/mentions-legales\/"}]}},"jetpack_sharing_enabled":true,"jetpack_likes_enabled":true,"jetpack-related-posts":[],"_links":{"self":[{"href":"https:\/\/tetou-ne.com\/index.php\/wp-json\/wp\/v2\/pages\/4957","targetHints":{"allow":["GET"]}}],"collection":[{"href":"https:\/\/tetou-ne.com\/index.php\/wp-json\/wp\/v2\/pages"}],"about":[{"href":"https:\/\/tetou-ne.com\/index.php\/wp-json\/wp\/v2\/types\/page"}],"author":[{"embeddable":true,"href":"https:\/\/tetou-ne.com\/index.php\/wp-json\/wp\/v2\/users\/1"}],"replies":[{"embeddable":true,"href":"https:\/\/tetou-ne.com\/index.php\/wp-json\/wp\/v2\/comments?post=4957"}],"version-history":[{"count":2,"href":"https:\/\/tetou-ne.com\/index.php\/wp-json\/wp\/v2\/pages\/4957\/revisions"}],"predecessor-version":[{"id":4986,"href":"https:\/\/tetou-ne.com\/index.php\/wp-json\/wp\/v2\/pages\/4957\/revisions\/4986"}],"wp:attachment":[{"href":"https:\/\/tetou-ne.com\/index.php\/wp-json\/wp\/v2\/media?parent=4957"}],"curies":[{"name":"wp","href":"https:\/\/api.w.org\/{rel}","templated":true}]}}